6*h. Let n = h + w. What is the greatest common divisor of 6 and n?
6
Suppose -4*l + 90 = 3*q, 4*q - 98 = -4*l + 5*q. Calculate the greatest common divisor of 3 and l.
3
Let f(k) = 2*k**3 - 4*k**2 + 7*k - 7. Let p be f(4). Calculate the highest common divisor of 17 and p.
17
Let x = -63 - -193. Calculate the greatest common divisor of 10 and x.
10
Suppose 0 = -4*d + 109 + 39. Let v = 109 - d. Calculate the highest common divisor of v and 9.
9
Let x(t) = -t + 22. Let l be x(0). Calculate the greatest common factor of 55 and l.
11
Suppose -4*p + 2*p - 2 = 0. Let j(y) = -3*y**3 - y**2 - y - 1. Let u be j(p). What is the highest common factor of u and 5?
1
Let x be 2*(12/8 - -1). Calculate the greatest common factor of 25 and x.
5
Let c = -62 + -58. Let n be (c/(-3))/(-1 - -2). Suppose -5*b + 32 = -18. What is the highest common factor of n and b?
10
Suppose 38 = -0*s + s. Let k be 3*-19*(-1 + 0). Calculate the highest common divisor of k and s.
19
Suppose 0 = -2*l - 4*w - 12, 4*w + 18 = 3*l + w. What is the highest common factor of l and 1?
1
Let n(h) = 2*h + 4. Let g be n(-3). Suppose -2*b + 3*b - 8 = 0. Let l = g + b. Calculate the greatest common divisor of 42 and l.
6
Suppose 2*v + 136 = 5*i, -4*v + 135 - 15 = 4*i. Calculate the highest common factor of i and 7.
7
Suppose 2*l - 36 = 4*x, 2*l - 4*x + 2*x - 26 = 0. What is the highest common divisor of 12 and l?
4
Suppose 3*d - 9 = v, v = 4*d - 0 - 14. What is the highest common factor of 24 and v?
6
Suppose 5*l = -4 + 14. Suppose -l*y = y - 396. Suppose y = -d + 3*d. What is the greatest common divisor of d and 6?
6
Suppose 0 = -2*a + 8 + 12. Calculate the highest common divisor of a and 40.
10
Suppose -1300 = -4*c - 0*c. Suppose 0 = -5*w + c + 115. Let n = 15 + -4. What is the highest common divisor of w and n?
11
Suppose 5*c = 5*q + 95, -2 = 3*q + 4. Let b(a) = 5*a**2 + 4*a + 1. Let v be b(-3). What is the highest common factor of c and v?
17
Let y be (-178)/(-2) + (0 - -3). What is the greatest common factor of y and 4?
4
Let n = 108 + -45. Suppose -2*b + n - 15 = 0. Calculate the highest common factor of 8 and b.
8
Let z = -108 - -298. Calculate the greatest common divisor of 19 and z.
19
Let z(k) = k - 4. Let h be z(6). Suppose 5*f - 16 - 4 = 0. Suppose -q - 2 = -f. Calculate the highest common divisor of h and q.
2
Let v be 47 + 7/(42/(-18)). What is the highest common divisor of v and 11?
11
Suppose 0 = 3*w + 4*c - 162, -269 = -4*w - 5*c - 52. What is the highest common factor of w and 87?
29
Suppose -6*u - 53 = -233. What is the greatest common factor of u and 12?
6
Suppose -3*o + 25 = -x, 2*x - 7*x = o - 35. Let n be 1*o - (5 + -3). Calculate the highest common divisor of n and 56.
8
Let j = -42 + 62. Let v(t) be the third derivative of -t**5/60 + 5*t**4/12 - 4*t**3/3 + t**2. Let w be v(8). Calculate the greatest common factor of w and j.
4
Let m(c) = c**2 + 3*c - 4. Let z be m(2). What is the greatest common divisor of z and 2?
2
Let u(j) = j**3 - 8*j**2 - 4. Let x(k) = 6*k**2 + 4*k**2 - 3*k + 4*k. Let y be x(-1). Let i be u(y). Calculate the greatest common divisor of 11 and i.
11
Let h = -107 + 158. Suppose 3*l = 135 - h. Let t = 41 - l. What is the highest common factor of t and 117?
13
Let x be (-26)/(-8) - (-1)/(-4). Suppose q = x*q + 22. Let s = q - -44. What is the highest common divisor of 3 and s?
3
Suppose 0*r - r = 4*o - 2, 18 = r - 4*o. Suppose 3*c = -r - 5. Let v(g) = g**2 + 6*g + 6. Let l be v(c). Calculate the greatest common factor of 7 and l.
1
Let b(c) = c**3 - 14*c**2 + 16*c + 18. Let y be b(13). Suppose -3*i = -y - 111. What is the highest common factor of 7 and i?
7
Suppose -4*b + 28 = -0*b. Let f be (-2)/12*-14*3. Calculate the highest common divisor of f and b.
7
Let b be (((-60)/(-1))/(-5))/(-2). Let s = -10 - -19. Calculate the highest common divisor of s and b.
3
Let f = -635 + 436. Let r = f - -319. Calculate the highest common factor of 24 and r.
24
Suppose 0 = 9*w - 12*w + 135. What is the highest common divisor of w and 9?
9
Let a be 1*24*16/3. What is the greatest common factor of 16 and a?
16
Let o = -115 - -286. Calculate the greatest common factor of 57 and o.
57
Suppose -18*j + 3000 = -3*j. Calculate the highest common factor of 40 and j.
40
Suppose 62 - 188 = -2*d. Calculate the greatest common factor of 42 and d.
21
Suppose 0 = 4*p - 12, -n - 5*p = -23 - 20. Let j = -6 + n. Suppose -2*k = -4*t - 70, 3*k + 29 = 4*k + 4*t. Calculate the highest common factor of k and j.
11
Let y(z) = z**3 - 10*z**2 - 10*z + 1. Let c be y(11). Let i be (-2)/7 + (-4708)/(-14). Suppose -2*m - i = -6*m. Calculate the highest common factor of m and c.
12
Suppose 0 = 3*j + j - 16. Suppose 2*w - 4 = 4*v, j = w - 0*v - v. What is the highest common divisor of w and 18?
6
Let v = 19 - -4. Suppose 0 = 2*g + 5 - 71. Suppose -353 = -4*x + 3*f, -x - f + 130 = g. Calculate the greatest common divisor of x and v.
23
Suppose -9*k = -12*k + 51. What is the greatest common divisor of k and 119?
17
Let y(m) = -m**3 - 5*m**2 - 2*m + 3. Let h be y(-4). Let j be (-12)/(-30) + 302/h. Let l = j + 159. What is the highest common divisor of l and 9?
9
Let f = -171 + 191. Calculate the greatest common divisor of 70 and f.
10
Let u = 6 + 0. Suppose -3*y - 13 + 149 = 5*t, 3*y - t = 124. Calculate the highest common divisor of y and u.
6
Suppose 4*l = -2*k - 38, -34 = 5*l - 4*k + 2*k. Let d = l + 12. Suppose -t - z - 33 = -d*t, 4*t + 3*z - 44 = 0. What is the highest common divisor of t and 22?
11
Suppose -4 + 20 = 2*z. Suppose -z = -3*d + d. What is the greatest common factor of 36 and d?
4
Let v(k) be the first derivative of 2*k**3 - k**2/2 + 3*k - 3. Let z be v(3). Calculate the highest common divisor of 36 and z.
18
Let z be (-24)/(-3) + 3 - -1. What is the highest common divisor of z and 36?
12
Suppose 5*c - 54 = x + x, -5*x - 45 = -5*c. Let w = c - -1. Let z be -9*3/(-3)*w. Calculate the greatest common divisor of 13 and z.
13
Suppose -2*f = f - 15. Suppose 4*m - 8 = 2*m + n, 3*m + 4*n = 23. Calculate the highest common factor of f and m.
5
Let p = -13 - -28. Let q be p/(-2)*(-48)/9. Calculate the highest common factor of 10 and q.
10
Suppose -151*a + 63 = -150*a. Calculate the greatest common factor of 42 and a.
21
Let u = 28 - 20. Let k(c) = 9*c - 12. Let w be k(u). Calculate the greatest common divisor of w and 12.
12
Suppose 2*c = 3*c - 30. Let t be -5 + 5 + (-6)/1. Let x be (-3)/t - 69/(-6). What is the highest common divisor of c and x?
6
Suppose -5*t - 15 + 120 = 0. Calculate the highest common factor of t and 14.
7
Let s be ((-72)/10)/(6/40). Let b be ((-16)/(-12) + -2)*s. What is the greatest common divisor of 4 and b?
4
Suppose -2*w + 3 - 1 = 0, 5*p - 42 = 3*w. What is the highest common factor of 3 and p?
3
Let t = -3 + 37. Let a(w) = 71*w - 1. Let z be a(1). Suppose -3*q + 4*p = -275, -2*p = q + p - z. Calculate the highest common divisor of t and q.
17
Let t be ((-154)/3)/(-1)*3. Calculate the highest common divisor of t and 14.
14
Suppose -x + 3*s - 93 = -4*x, -2*s + 140 = 5*x. Suppose -2*k - 46 = -2*i - 4, 0 = -k + 2*i - 26. Let g = k + x. What is the greatest common factor of g and 90?
10
Suppose 4*p + p - 275 = 0. Calculate the greatest common divisor of p and 5.
5
Suppose 49 = 2*m + 11. Calculate the greatest common factor of 171 and m.
19
Suppose 4*p - 72 = -p + 2*n, -p + 12 = -n. Let a = 156 + -108. Let f be (4 + -3)/(2/a). What is the highest common divisor of p and f?
8
Let v(k) = k**3 + 10*k**2 + 7*k - 6. Let h(x) = x**3 + 6*x**2 - 6*x - 2. Let f be h(-7). Let r be v(f). What is the highest common factor of r and 12?
12
Let a(d) = -d**3 + 7*d**2 + 4*d - 8. Let b be a(7). Calculate the highest common factor of 4 and b.
4
Let m be (1/(-2))/((-4)/(-56)). Let i = m + 27. Suppose 2*b + 5*u = -3*b + 125, -2*b = 3*u - 55. What is the greatest common factor of b and i?
20
Suppose -4*i + 3 = -5. Suppose -118 = -i*y + 2*t, t + 291 = 5*y - 3*t. Calculate the greatest common factor of y and 11.
11
Let w = -85 - -157. Suppose 5*q = -g - 3*g + 76, -40 = -5*q + 5*g. Let i = -4 + q. Calculate the highest common factor of i and w.
8
Let r = 10 - -25. Suppose -24 + 9 = -3*w. Calculate the greatest common factor of r and w.
5
Let b(h) = h + 15. Let l be b(16). What is the highest 